e ((-8)/(-12))/(a/(-3)). List the prime factors of n/7 - 100/(-7).
2, 7
Suppose 3*w + z - 1003 = 0, 2*w - 233 = 5*z + 430. What are the prime factors of w?
2, 167
Suppose -4*x = -5*x + 37. List the prime factors of x.
37
Suppose 16 = 4*v, 3*o - 207 = -5*v + 86. List the prime factors of o.
7, 13
Let u = -31 + 19. Let g = u + 16. List the prime factors of g.
2
Suppose 0 = -3*j - 5*f + 53, -3*j + 4*f + 52 + 46 = 0. What are the prime factors of j?
2, 13
Let g = -16 + 28. Let l = -9 + g. Suppose 0 = 2*i + 2, l*h - 3*i + 4*i - 62 = 0. List the prime factors of h.
3, 7
Let s(i) = -i**3 - 11*i**2 - 11*i + 10. List the prime factors of s(-10).
2, 5
Let z be (-16)/40 - 74/(-10). Let a = 38 + z. What are the prime factors of a?
3, 5
Suppose w + 0 = 4. Suppose -w*t = -12 - 24. What are the prime factors of t?
3
Suppose -4*r + 11 = -9. Suppose -r*x - 10 = 4*f, -f = x - 2 + 5. Suppose k = x*k - 5. What are the prime factors of k?
5
Let a(j) = -j - 1. Let g be a(-5). Let t be (g/(-6))/(1/(-6)). What are the prime factors of 2*26/t - 1?
2, 3
Let o = 1 + 1. Let l = 20 + -16. Suppose 4*b = -l*r - 12, 5*r - 3*b = o*b + 35. List the prime factors of r.
2
Suppose 3*a + 31 - 7 = 0. Let x be 3/((-10)/a + -1). What are the prime factors of 122/x - (-2)/(-12)?
2, 5
Suppose b = 4, x - 5*b = -x + 96. List the prime factors of x.
2, 29
Suppose -11 = -5*n - 1. List the prime factors of 2/(4/3)*n.
3
Let i(b) = -4*b**3 + b**2 + b - 5. Let d(n) = -5*n**3 + 2*n**2 + n - 4 + 0*n**2 - n**2. Let x(l) = 5*d(l) - 6*i(l). What are the prime factors of x(0)?
2, 5
Let u(n) = -4*n**3 - n**2 - 11. Let k be (7/(-3) + 1)*3. Let q(p) = 5*p**3 + p**2 + 10. Let w(g) = k*u(g) - 3*q(g). What are the prime factors of w(0)?
2, 7
Let c(b) be the first derivative of b**4/4 - 7*b**3/3 + 3*b**2/2 + 6. List the prime factors of c(7).
3, 7
Let x be 1000/(-56) + 1/(-7). Let f = 29 + x. What are the prime factors of f?
11
Suppose 16 = 4*o - x - x, -2*x = 4*o - 8. Suppose 4*t = -o*b + 80, 0*b = 5*b - 20. What are the prime factors of t?
17
Let x = 3 + -3. Suppose a - 5 - 1 = x. What are the prime factors of a?
2, 3
Let h = -50 - -132. List the prime factors of h.
2, 41
Let i(n) = -11*n**3 - 2*n**2 - n. Let k be i(-1). Let f = -28 + 28. Let s = k + f. List the prime factors of s.
2, 5
Let t be (1 + -4)/(-1) - 0. Suppose -t*i + i + 12 = 0. What are the prime factors of i?
2, 3
Let i(j) = 4*j**3 - j**2 - 4*j + 3. What are the prime factors of i(2)?
23
Let q(l) = l**2 - 2*l + 2. Let m be q(3). Suppose 32 = -m*n - 33. Let f = 20 + n. List the prime factors of f.
7
Suppose 3*u = -2*u - 4*d + 52, -u - d + 10 = 0. What are the prime factors of u?
2, 3
Let n(m) = m**2 - 7*m + 9. Let v = 17 - 11. What are the prime factors of n(v)?
3
Suppose -4*j - 8 = -0*j, -4*j - 199 = -c. What are the prime factors of c?
191
Suppose -s - 3 - 7 = 0. List the prime factors of s*(0 + -3 + 1).
2, 5
Let g(u) = -u**3 - u**2 + 4. Let y be g(0). Suppose -m = 4*s - 23 + 3, 5*s - 4 = 4*m. List the prime factors of 52/y - m/2.
11
Let c(p) = -10*p**3 - 3*p - 3. Let q be c(-3). What are the prime factors of q/14 - 10/(-35)?
2, 5
Let u(c) be the third derivative of -c**6/120 - c**5/12 - c**4/24 - c**3/2 - 3*c**2. Let j be u(-5). What are the prime factors of (-10)/j*8/(-10)?
2
Let k(p) = -p**3 - 5*p**2 + 4*p + 3. Let j(w) = -3*w**3 - 16*w**2 + 13*w + 9. Let h(s) = 2*j(s) - 7*k(s). Let n = -6 + 4. What are the prime factors of h(n)?
5
Let l = 55 - 36. What are the prime factors of l?
19
Let v(o) = 10*o - 21. What are the prime factors of v(5)?
29
Let g = 55 + -33. Let p = -16 + g. Suppose -p*a = -a - 35. What are the prime factors of a?
7
Let r = -136 - -263. List the prime factors of r.
127
Let i(a) = a + 3. Let s(k) = -k**3 - 7*k**2. Let p be s(-7). List the prime factors of i(p).
3
Suppose -2*g = 4*q - 20, 0*g - 4*g - 5*q = -28. Suppose 0*x + 4*x - 60 = -4*c, -g*x + 26 = 4*c. List the prime factors of x.
17
Let f(q) = q**3 - 3*q**2 - 1. Suppose 5 + 0 = -5*h - 5*g, -5*g + 10 = 0. Let v be (-3 - h - -5) + -1. List the prime factors of f(v).
3, 5
Suppose 0 = -l - 3*r + 6, -r - 3*r + 1 = l. Let t = l - 12. List the prime factors of t.
3
Let m = 79 + -30. List the prime factors of m.
7
Let w(u) = -u**3 + 3*u**2 - u - 2. Let b be w(3). Let g(j) = -j + 4. List the prime factors of g(b).
3
Let x(q) = q**2 - 13*q + 10. Let p be x(12). List the prime factors of 3/p + (-414)/(-12).
3, 11
Suppose 5*b = -2*t + 852, -3*b - 2*t - 696 = -7*b. List the prime factors of b.
2, 43
Let z(c) = -7*c - 2. Suppose -v = -3*v - 4. List the prime factors of z(v).
2, 3
Let h = 46 - 12. List the prime factors of h.
2, 17
Let o(m) = -m**2 + m. Let y be o(1). Suppose y*c - 2 = -c. What are the prime factors of -3*(2*-4)/c?
2, 3
Let v(o) = 15*o - 1. Let q be v(4). Suppose 0 = 6*w + 11 - q. List the prime factors of w.
2
List the prime factors of (-1495)/(-69) + (-4)/6.
3, 7
Suppose -2*c - 3*a - 14 = 0, 5*c - a = 3*a + 11. What are the prime factors of 7/(c - -2 - 0)?
7
Suppose -6*f = 8*f - 196. What are the prime factors of f?
2, 7
Suppose -4 = 2*j - 248. What are the prime factors of j?
2, 61
List the prime factors of (-7 - -1)*10/(-2).
2, 3, 5
Let s(h) = 3*h + 14. What are the prime factors of s(8)?
2, 19
Suppose -54 - 45 = -4*w - l, 3*w - 4*l = 60. List the prime factors of w.
2, 3
Let z be -30*(-4 + 18/4). Let o = z + 17. List the prime factors of o.
2
Let c = -6 + 5. Let w = c + 11. What are the prime factors of w?
2, 5
Suppose 10 + 5 = -h. Let t = h + 22. What are the prime factors of t?
7
Let y(r) = -r**2 - 7*r - 1. Let b be y(-5). Suppose 0 = 3*o - 2*o - b. Suppose 60 = -4*j + o*j. What are the prime factors of j?
2, 3
Suppose -3*i = -d - 33, -2*i + 31 - 5 = -2*d. Suppose 3*l - i = 2. Suppose -l*g - 1 = -37. What are the prime factors of g?
3
Suppose 3*j - 2*a + 23 = 2*a, -5*j - 4*a + 15 = 0. Let x = j - -3. Suppose 13 = x*v - 3. What are the prime factors of v?
2
Let h(o) = 10*o**2 + 1. Suppose 0 = -5*t + 25, -8*x - 2*t + 10 = -3*x. Suppose j = 5*q - x*q + 6, 3 = -q + 2*j. What are the prime factors of h(q)?
11
Suppose 2*f - 5*f = -3*i - 474, i - 617 = -4*f. What are the prime factors of f?
5, 31
Let y(s) = 3*s**2 + 10*s - 30. What are the prime factors of y(7)?
11, 17
Let r = 32 - 1. List the prime factors of r.
31
List the prime factors of -1 + 2 - (0 + -74).
3, 5
Let n(s) = s**3 + 9*s**2 - 7*s - 10. What are the prime factors of n(-7)?
137
What are the prime factors of 2 - (-20)/(-9) - 23510/(-90)?
3, 29
Let r(m) = -3*m + 8. Let w be r(11). What are the prime factors of ((-90)/w)/((-2)/(-5))?
3
Suppose 2 = -5*k + y, -2*k + 4 - 3 = -y. Let n = k - 0. What are the prime factors of n/4 + (-45)/(-4)?
11
Suppose -j + 3*j - 66 = 0. Let h = j + 7. Suppose -5*r + h = 5*x, -4*r + 57 = -2*x + x. List the prime factors of r.
13
Let g(w) be the third derivative of -1/8*w**4 - 2/3*w**3 + 0*w + w**2 + 0 - 1/15*w**5 + 1/120*w**6. What are the prime factors of g(5)?
2, 3
Let u(j) = 12 - 2*j + j**2 + 3*j + 18 - 2*j. List the prime factors of u(0).
2, 3, 5
Suppose 0 = 3*s - s. Suppose s*p - 56 = -4*p. List the prime factors of p.
2, 7
Let i be ((-6)/2 - -4)*3. What are the prime factors of 2/4*(i + 27)?
3, 5
Suppose -5*w - z + 17 = 0, 3*w + 2*z - 22 = -9. Suppose -w*b + 13 = 4*v, 0 = 3*v - 6*v + 4*b + 16. What are the prime factors of v?
2
Let m(l) = 4*l - 1. Let u be m(3). Let v(d) = d - 1. What are the prime factors of v(u)?
2, 5
Let r(p) = -4*p - 2. Let h(y) = -y + 1. Let s(d) = 6*h(d) - r(d). Let m be s(6). List the prime factors of (-68)/(-8) + (-2)/m.
3
Suppose -5*y = -4*k + 16 + 231, -3*y + 355 = 5*k. List the prime factors of k.
2, 17
Let d be 4/14 - 240/(-42). Let m = -14 + d. List the prime factors of ((-60)/m)/(2/4).
3, 5
Let j(v) = v**3 + 3*v**2 - 2*v - 2. Let n be j(-3). Suppose -36 = -n*t + 48. What are the prime factors of t?
3, 7
Let t(m) = 2*m. Let s be t(-3). Suppose 2*q + 2 = 3*h - h, -4*h + 1 = -q. Let b = q - s. List the prime factors of b.
5
Suppose -l = -1 + 6. Let r = 14 + l. What are the prime factors of r?
3
Let n(p) = -p**2 + 3*p - 1. Let d be n(2). List the prime factors of (1 - 1)/d + 36.
2, 3
Let t = 4 + -1. Suppose 5*m + 10 = 0, t*s - 2*m = 13 - 3. Suppose -4*b + v + 57 = 0, 1 + s = -3*v. What are the prime factors of b?
2, 7
What are the 